 the remainder when l is divided by 86.
84
Suppose 3*y = -15, -5*u + 625 = -3*y + 7*y. Calculate the remainder when u is divided by 12.
9
Let f(c) = c**3 + 22*c**2 + 20*c - 17. Let s be f(-21). Let y(z) = z**3 - 3*z**2 - z - 6. Calculate the remainder when 21 is divided by y(s).
3
Suppose 0*g - 2*g - 56 = 0. Calculate the remainder when 28 is divided by -48*(2 - g/(-12)).
12
Let z be (-1)/(-5) + (-57)/(-15). Suppose -592 = -z*i + 104. Calculate the remainder when i is divided by 16.
14
What is the remainder when 16*1 + (-1 - -2) is divided by (220/(-40) + 7)*12/9*4?
1
Let a = 349 + -344. Calculate the remainder when 42 is divided by a.
2
Suppose -17 = -q + 4*i + 27, 0 = 5*q - 3*i - 169. What is the remainder when 117 is divided by q?
21
Let a(x) = x**3 + 15*x**2 - 19*x - 31. Let j = 17 + -33. What is the remainder when a(j) is divided by 6?
5
Let t(n) = 3*n**2 + n + 2. Suppose -4*b + 16 = -24. Suppose -5*u + 240 = b. Calculate the remainder when u is divided by t(-2).
10
Suppose -13*r = -29*r + 720. Calculate the remainder when r is divided by 20.
5
Suppose 6*s - 5*a - 53 = 2*s, 2*s - 28 = 4*a. Let m(c) = 2*c - 1. Let p = -19 + 22. Calculate the remainder when s is divided by m(p).
2
Suppose a = -2*a + 81. Suppose 5*q - 3*b - 37 = 0, -4*q + 7*b = 2*b - a. Suppose -g + 118 = 87. What is the remainder when g is divided by q?
7
Suppose -55 + 82 = -3*h. Let r(x) = 4*x**2 + 30*x - 10. What is the remainder when r(h) is divided by 15?
14
Let d = 151 - 130. Let o = 8 - 5. Suppose -o*q - 2*q + 200 = 0. Calculate the remainder when q is divided by d.
19
Let a be ((-33)/11)/((-1)/10). Suppose 0 = 2*b - l - 11 + 1, -3*l + a = 4*b. What is the remainder when 11 is divided by b?
5
Let k(p) = p**3 - p**2 + 11*p - 8. Let v be k(7). Suppose -5 - v = -8*y. Suppose 5*o = -0*o + 80. What is the remainder when y is divided by o?
14
Let n(p) = 2*p**2 - 13*p - 11. Let s(b) = -b**2 + 2. Let o be s(0). What is the remainder when n(10) is divided by (o + -2 + 1)*15?
14
Let n = 800 + -619. Calculate the remainder when n is divided by 49.
34
Suppose 0 = 5*n - 5, -5*d = -4*n + 3*n - 444. Let b = d - 49. What is the remainder when b is divided by 15?
10
Let v be 2 + (2 - (-8 + 3)). Calculate the remainder when 94 is divided by 18 - v/(9/2).
14
Suppose 4*u + 0*i - 3*i - 111 = 0, -i = -3*u + 77. Calculate the remainder when (-4)/5 + (39420/(-75))/(-12) is divided by u.
19
Suppose 2*i + 2 = 0, 738 = 2*k + 3*k - 3*i. Calculate the remainder when k is divided by 25.
22
Let x(o) = o**2 - o - 18. Let m be x(0). Let y be m/27 - 64/3. Let f = -13 - y. What is the remainder when 15 is divided by f?
6
Let f = -19 - -38. Suppose -3*x + 2 = -f. What is the remainder when 13 is divided by x?
6
Let r(k) = k**2 - 20*k + 89. What is the remainder when 117 is divided by r(3)?
3
Let w be 528 - (0/(-2) - (-1 - -4)). Suppose 8*f - 277 - w = 0. What is the remainder when f is divided by 21?
17
Let o(p) = 16*p**3 - 12*p + 13. What is the remainder when o(1) is divided by 17?
0
Let a = -4 - 2. Let i(u) = 9*u**2 + 41*u + 13. Calculate the remainder when 1/3 - 148/a is divided by i(0).
12
Let k(l) = 3*l**2 - 8*l + 7. Let s be k(6). Let f = 96 + s. What is the remainder when f is divided by 15?
13
Let p = -813 - -949. What is the remainder when p is divided by 49?
38
Let g(q) = -q**3 - 7*q**2 + 24. Let w = 69 + -76. Calculate the remainder when 70 is divided by g(w).
22
Suppose -3*r - 112 = r. Let k = r + 30. Suppose -79 = -k*u - l - 4*l, -114 = -3*u - 3*l. What is the remainder when u is divided by 10?
7
What is the remainder when 32 is divided by ((-24)/(-7))/(32/112)?
8
Let r = -1507 - -1533. Calculate the remainder when 127 is divided by r.
23
Suppose 183 = 5*z + 4*d + 16, 0 = -5*d + 15. What is the remainder when z is divided by 12?
7
Let h be (54/(-3))/(2/(-9)). Suppose -i + 4*n = 36, 2*i = 5*n - 85 + 13. Let g = i + h. Calculate the remainder when g is divided by 12.
9
Suppose 2*k + 4*s = 134, -3*k + s - 97 = -319. Let h = 107 - k. Calculate the remainder when h is divided by 7.
6
Let r(q) = q**3 + 10*q**2 - 2*q + 2. Let y be r(-11). Let s = y + 125. Calculate the remainder when s is divided by 12.
4
Let g be (5 - 6)/(2/(-10)*1). Suppose 0 = -g*q - 3*h + 561, -q + h + 220 = q. Calculate the remainder when q is divided by 19.
16
Suppose 12 = 3*l + 5*k, 3*l + 4*k = -0*l + 9. What is the remainder when 57 is divided by (2/l)/((-7)/140*2)?
17
Suppose 27 = -5*r + 6*r. Let b be ((-120)/(-35))/((-2)/(-56)). Suppose -f + b = -11. Calculate the remainder when f is divided by r.
26
Let m(y) = 4*y + 14. Let u be m(11). Let x = u - 49. Calculate the remainder when x is divided by 5.
4
Let n = -20 + 15. What is the remainder when (-126)/(-5) - (-1)/n is divided by 9?
7
Let h = -5 - -6. Let f = 9 - h. Calculate the remainder when 22 is divided by f.
6
Let d(o) = 58*o - 10. Let t(m) = 19*m - 3. Let u(i) = -6*d(i) + 17*t(i). Let w be u(-5). Let h = w - 62. Calculate the remainder when h is divided by 25.
22
Let r(z) = -z**2 + z + 33. Suppose 2*f + a + 8 = 141, a = f - 59. What is the remainder when f is divided by r(0)?
31
Let a(p) = -3*p**2 - 17*p - 11. Let m be a(-5). Let o = 13 - m. What is the remainder when 38 is divided by o?
10
Suppose -4*h + 149 = -335. Let g(o) = -33*o - 167. What is the remainder when h is divided by g(-6)?
28
Suppose -32*b + 37*b = -220. Let u = -20 - -24. What is the remainder when (-2)/8 + (-319)/b is divided by u?
3
Let i = 72 + -72. Suppose -q + 20 + 143 = i. What is the remainder when q is divided by 15?
13
Suppose 0 = 3*b - 4*v - 78, b = 4*v + 21 - 3. Let s = b + -12. What is the remainder when -4 + 304/72 + 896/18 is divided by s?
14
Let s(n) = 2*n + 19. Let p be s(-3). Suppose -28 = 12*q - p*q. What is the remainder when 50 is divided by q?
22
Let c(z) = 74*z**2 + 72*z + 145. Calculate the remainder when c(-2) is divided by 78.
63
What is the remainder when 53 is divided by (20/8 + -2)/((-21)/(-2226))?
0
Let r = 78 - -25. What is the remainder when 316 is divided by r?
7
Let j = -7 + 44. Calculate the remainder when 146 is divided by j.
35
Let l = 165 + 7. Calculate the remainder when l is divided by 35.
32
Let a(c) = 4*c**3 + c**2 - 6*c + 4. Let y be a(-3). Let u = y + 134. Calculate the remainder when u is divided by 6.
3
Let g = -57 - -62. Suppose -18 = -c - g*c. Calculate the remainder when 4*(22/8 + -1) is divided by c.
1
Let t(j) = -31*j + 19. Calculate the remainder when t(-9) is divided by 60.
58
Let u = -12 - -14. Let a be (-183)/12 - u/(-8). Let l = 17 + a. What is the remainder when 7 is divided by l?
1
Let k(c) = -18*c - 112. Calculate the remainder when k(-8) is divided by 11.
10
Let l(s) = s**3 - 20*s**2 + s - 13. Let m = 76 + -62. Calculate the remainder when m is divided by l(20).
0
Let a(n) = n**2 - 9*n + 11. Let w be a(8). Calculate the remainder when w/6*2 - -54 is divided by 5/2*(-145)/(-25)*2.
26
Suppose -6 = 3*w - 81. Suppose 3*u - 9 = -3. What is the remainder when w is divided by 28/(-21)*(-21)/u?
11
Suppose 3*a + 39 = 3*k - 24, -a + 23 = k. Calculate the remainder when 967 is divided by k.
21
Suppose 3*z - 19 = -10. Suppose -14 = -z*u + u. Let a = -17 - -30. What is the remainder when a is divided by u?
6
Let r = -201 + 287. Calculate the remainder when r is divided by 55.
31
Let t(s) = 23*s - 3. Let r = 103 - 48. What is the remainder when r is divided by t(1)?
15
Let u = -2244 - -2903. Calculate the remainder when u is divided by 12.
11
Suppose -6 = -2*z - 2*s + 6, -5*s - 5 = -2*z. Suppose -z*k = -0*k. Calculate the remainder when (42/2 - k) + -3 is divided by 7.
4
Calculate the remainder when -50*(-81)/(-36)*4/(-6) is divided by 19.
18
Let w(l) = -l + 11. Let h be w(6). Suppose -v + h = -2*v. Let s(k) = -4*k - 3. Calculate the remainder when 65 is divided by s(v).
14
Let d = 48 + -30. Suppose -24 = -d*p + 16*p. Calculate the remainder when 22 is divided by p.
10
Let n(x) = -x**2 + 17*x + 20. Let g = -25 + 40. Calculate the remainder when n(g) is divided by 26.
24
Let i be ((-2)/3)/((-12)/(-1728)). Let d = -84 - i. What is the remainder when 68 is divided by d?
8
Let u(k) = 12*k**2 + 3*k + 1. Let m be u(3). Let p = 165 - m. What is the remainder when p is divided by 16?
15
Let z(w) = 1. Let c(t) = -12*t + 66. Let a(l) = -c(l) - 2*z(l). Calc